874 is divided by 870932?
10
Calculate the remainder when 37195416 is divided by 1122.
1116
Calculate the remainder when 19174732 is divided by 201.
136
What is the remainder when 69892 is divided by 797?
553
Calculate the remainder when 151277 is divided by 37785.
137
Calculate the remainder when 1014833 is divided by 728.
1
What is the remainder when 3385324 is divided by 57378?
22
Calculate the remainder when 6568036 is divided by 19.
2
What is the remainder when 23679347 is divided by 3181?
3164
What is the remainder when 284677 is divided by 3196?
233
Calculate the remainder when 315713 is divided by 52591.
167
Calculate the remainder when 542648 is divided by 2280.
8
Calculate the remainder when 287783998 is divided by 875.
873
Calculate the remainder when 347857 is divided by 3221.
3210
What is the remainder when 26581895 is divided by 6323?
3
Calculate the remainder when 5117796 is divided by 485.
76
Calculate the remainder when 778237 is divided by 77298.
5257
Calculate the remainder when 1528246 is divided by 1313.
1227
Calculate the remainder when 847316 is divided by 8.
4
What is the remainder when 6035550 is divided by 328?
22
What is the remainder when 113557 is divided by 158?
113
What is the remainder when 2410179 is divided by 54?
51
What is the remainder when 815849 is divided by 1261?
1243
Calculate the remainder when 542323 is divided by 532.
215
What is the remainder when 480601 is divided by 86?
33
What is the remainder when 95253 is divided by 10445?
1248
Calculate the remainder when 188226 is divided by 283.
31
Calculate the remainder when 46128 is divided by 4490.
1228
Calculate the remainder when 74557792 is divided by 5400.
5392
Calculate the remainder when 2230968 is divided by 190.
178
Calculate the remainder when 1034693 is divided by 214.
3
What is the remainder when 45498333 is divided by 16?
13
Calculate the remainder when 456427 is divided by 618.
343
What is the remainder when 12143 is divided by 3407?
1922
What is the remainder when 1999950 is divided by 499973?
58
Calculate the remainder when 61725543 is divided by 5678.
5
What is the remainder when 138659979 is divided by 115?
109
Calculate the remainder when 151836718 is divided by 4.
2
Calculate the remainder when 9489491 is divided by 19.
17
Calculate the remainder when 10171 is divided by 2507.
143
What is the remainder when 2141624 is divided by 113?
48
Calculate the remainder when 478423 is divided by 1945.
1898
What is the remainder when 9693879 is divided by 1945?
1944
What is the remainder when 27929872 is divided by 13?
9
What is the remainder when 18961480 is divided by 336?
328
What is the remainder when 772205 is divided by 1432?
357
What is the remainder when 22441942 is divided by 236?
230
What is the remainder when 9888 is divided by 1980?
1968
What is the remainder when 38063 is divided by 19024?
15
What is the remainder when 12350 is divided by 351?
65
What is the remainder when 5787756 is divided by 292?
24
Calculate the remainder when 4167624 is divided by 385.
384
Calculate the remainder when 69098 is divided by 2289.
428
Calculate the remainder when 9303556 is divided by 2067.
2056
Calculate the remainder when 1805170 is divided by 69.
61
What is the remainder when 16511860 is divided by 1688?
1532
What is the remainder when 73348 is divided by 1883?
1794
Calculate the remainder when 2062036 is divided by 3232.
20
Calculate the remainder when 541728 is divided by 5353.
1075
What is the remainder when 6196130 is divided by 6196115?
15
What is the remainder when 2327681 is divided by 8589?
62
What is the remainder when 8334780 is divided by 401?
396
Calculate the remainder when 12802077 is divided by 16.
13
Calculate the remainder when 728870 is divided by 808.
54
Calculate the remainder when 408458 is divided by 2949.
1496
What is the remainder when 144205832 is divided by 958?
8
What is the remainder when 21292731 is divided by 201?
198
Calculate the remainder when 527676 is divided by 504.
492
What is the remainder when 25182258 is divided by 1703?
1700
Calculate the remainder when 3434234 is divided by 162.
158
What is the remainder when 246317 is divided by 82096?
29
Calculate the remainder when 265047 is divided by 310.
307
What is the remainder when 214358 is divided by 23816?
14
Calculate the remainder when 2038819 is divided by 8188.
7
Calculate the remainder when 163809 is divided by 9634.
31
Calculate the remainder when 70605 is divided by 6844.
2165
Calculate the remainder when 2551534 is divided by 464.
462
What is the remainder when 83908735 is divided by 1871?
1869
Calculate the remainder when 2379346 is divided by 1189666.
14
Calculate the remainder when 4038010 is divided by 448665.
25
What is the remainder when 486633 is divided by 4345?
4338
Calculate the remainder when 202161 is divided by 53.
19
What is the remainder when 156399 is divided by 15209?
4309
What is the remainder when 232264 is divided by 1717?
469
Calculate the remainder when 15635205 is divided by 383.
379
What is the remainder when 26556665 is divided by 981?
14
What is the remainder when 248861 is divided by 8867?
585
Calculate the remainder when 256373 is divided by 50634.
3203
What is the remainder when 1432776 is divided by 742?
716
Calculate the remainder when 9266993 is divided by 95536.
1
Calculate the remainder when 13649888 is divided by 142.
138
Calculate the remainder when 5831591 is divided by 62705.
26
Calculate the remainder when 79256 is divided by 549.
200
Calculate the remainder when 298759434 is divided by 611.
597
Calculate the remainder when 3353223 is divided by 3353202.
21
What is the remainder when 384359 is divided by 192178?
3
What is the remainder when 2079280 is divided by 6787?
2458
Calculate the remainder when 74754 is divided by 16974.
6858
Calculate the remainder when 108222 is divided by 224.
30
Calculate the remainder when 404918 is divided by 659.
292
Calculate the remainder when 89152625 is divided by 3471.
3461
Calculate the remainder when 2364703 is divided by 835.
818
What is the remainder when 35451364 is divided by 233?
181
Calculate the remainder when 1302682 is divided by 1164.
166
What is the remainder when 2267269 is divided by 419?
60
What is the remainder when 5334488 is divided by 51?
41
What is the remainder when 49415 is divided by 1153?
989
Calculate the remainder when 55965 is divided by 18650.
15
What is the remainder when 53986564 is divided by 4447?
4431
What is the remainder when 279331 is divided by 1059?
814
What is the remainder when 134264885 is divided by 26852975?
10
What is the remainder when 1044640 is divided by 4281?
76
Calculate the remainder when 953800 is divided by 341.
23
What is the remainder when 24915 is divided by 904?
507
What is the remainder when 2570520 is divided by 455?
225
What is the remainder when 924692 is divided by 7?
6
Calculate the remainder when 711210 is divided by 12931.
5
What is the remainder when 1849396 is divided by 186?
184
What is the remainder when 8592999 is divided by 19754?
9
What is the remainder when 963949 is divided by 22417?
18
Calculate the remainder when 63347305 is divided by 585.
580
What is the remainder when 20233092 is divided by 562026?
156
What is the remainder when 232573713 is divided by 811?
810
What is the remainder when 4412071 is divided by 626?
23
Calculate the remainder when 53775232 is divided by 227861.
36
What is the remainder when 599284 is divided by 59634?
2944
Calculate the remainder when 2145103 is divided by 366.
343
Calculate the remainder when 37937883 is divided by 148.
7
Calculate the remainder when 1425770 is divided by 285040.
570
Calculate the remainder when 4643038 is divided by 131.
5
Calculate the remainder when 1597547 is divided by 89.
86
Calculate the remainder when 493665 is divided by 2332.
1613
Calculate the remainder when 8334808 is divided by 56.
48
Calculate the remainder when 1193822 is divided by 149225.
22
What is the remainder when 52827 is divided by 4333?
831
Calculate the remainder when 73024 is divided by 10415.
119
Calculate the remainder when 276479 is divided by 21177.
1178
Calculate the remainder when 100496848 is divided by 50.
48
Calculate the remainder when 78809051 is divided by 2